 0, -276*m + 271*m + 11575 = 3*c. What is the thousands digit of m?
2
What is the tens digit of ((-320)/6)/((-1)/180) + (-3 - 3)?
9
Suppose -4*s + 5*d = -8*s + 25478, 4*s + d = 25454. What is the tens digit of s?
6
Suppose 3*u + 3*h - 47997 + 6270 = 0, -u + 13905 = -h. What is the hundreds digit of u?
9
Suppose 7*t - 196 = -168. Let d(a) = 8*a**2 - 10*a**2 + 2*a**3 + a + 2*a**2 + 1. What is the hundreds digit of d(t)?
1
Suppose 9*p - 46*p + 446627 = 0. What is the units digit of p?
1
Let x = 5940 + -3938. What is the hundreds digit of x?
0
Suppose -4*g + 52*k = 49*k - 101056, -4*g + 2*k = -101056. What is the units digit of g?
4
Let a = 161 + -156. Suppose -a*v = 2*k - 8*v - 359, 0 = 4*k - 4*v - 708. What is the tens digit of k?
7
Suppose 174611 = 12*n + 48515. What is the units digit of n?
8
Let j(x) = 567*x**3 - 2*x**2 - 2*x + 4. Let s be j(2). Suppose 13*r - s = -537. What is the units digit of r?
7
Suppose -7933 - 7568 = -u. What is the units digit of u?
1
Let u(a) = -a**3 + 7*a**2 + a - 4. Let c be u(7). Let z be (0 - -4)/(c - 200/68). Suppose 2*y = -5*g + z, 2*g - 31 = 4*y - y. What is the tens digit of g?
1
Suppose 48*r + 285 = 53*r. Suppose -5*t = -28 - r. What is the tens digit of t?
1
Let y(q) = -27 - 14*q + 4*q - 5*q - 26. What is the tens digit of y(-26)?
3
Let h = 74 + -254. Let q = 36 + h. Let i = -37 - q. What is the tens digit of i?
0
Let x be 2/(-2)*(-25 + -1). Suppose -3*r + 1 = 2*c + 15, -x = 5*r + 4*c. What is the units digit of 7*-3*-3 - r?
5
Let v(d) = 28 - 7*d - 26*d**3 - d**2 - 10*d**2 + 25*d**3. What is the tens digit of v(-12)?
5
Suppose -511*u + 119*u = -10238648. What is the thousands digit of u?
6
Suppose -38*p - 1089824 + 3832474 = 0. What is the thousands digit of p?
2
Let q = 74880 - 49084. What is the tens digit of q?
9
Let o be (-9132)/11 - 0 - 28/(-154). What is the hundreds digit of -2 - (o + -3 + 3)?
8
Let u(z) = 61*z**2 - 15*z - 19. Let j(w) = 61*w**2 - 16*w - 18. Let g(a) = -3*j(a) + 4*u(a). What is the units digit of g(-2)?
6
Let s be (1 - 4) + (-19 - -55). Suppose s*q = 22*q + 3487. What is the tens digit of q?
1
Let q be 3 - (4 + -233) - -3. Let m = q + -41. What is the tens digit of (((-6)/(-2))/(-3))/((-2)/m)?
9
Suppose 4*p - 5*q - 17500 = 0, 3*q + 5709 = -5*p + 27584. Suppose -p - 6433 = -7*r. Suppose -6*z + r = 2*z. What is the hundreds digit of z?
1
Let z = 2229 - -5290. What is the hundreds digit of z?
5
Suppose 11*w - 8 = 234. Suppose -273 = -w*m + 19*m. Let n = m - 10. What is the tens digit of n?
8
Let b(t) = -2*t**2 + 32*t. Let v be b(16). Suppose v = -2*u + 3*w + 153 + 18, -3*u - 3*w = -219. What is the tens digit of u?
7
Suppose 0 = 5*x + 62 + 23. Let d = 429 + x. What is the tens digit of d?
1
Suppose 8*w - 5*w = -3*w + 87438. What is the units digit of w?
3
Let u = 438 - 665. Let k = u - -45. What is the units digit of (-648)/(-13) + (-28)/k?
0
Suppose 1 = -8*z - 7. Let l be 296 - (z + -5 + 3). Suppose 709 + l = 4*n. What is the hundreds digit of n?
2
Suppose 126*x - 199*x = -64970. What is the tens digit of x?
9
Let k(f) = 2299*f + 89. What is the tens digit of k(2)?
8
Suppose -8*f - 1179 = f. Let q = 133 + f. What is the units digit of q?
2
Let u be (-2)/6 - 258/(-18). Let b be u + -4 + (-9)/(6/2). Suppose 4*h = 5*c - 445, -c + b = -4*h - 82. What is the units digit of c?
9
Let f(y) = 1134*y - 140. Let q be f(7). What is the units digit of q/12 - 5/(-30)?
0
Let r(x) = -97*x - 193. Suppose -3*y - 75 = 5*n - 30, 0 = -5*n - 5*y - 55. What is the hundreds digit of r(n)?
3
Let h(m) = -4*m**3 - 26*m**2 + 24*m + 135. What is the tens digit of h(-12)?
1
Let p be (-6)/(-16) + (1170/80 - 12). Let a(f) = 46*f**3 - f**2 + 3*f - 1. What is the thousands digit of a(p)?
1
Let s(b) = -22*b**3 - 6*b**2 - 4*b + 6. Let d be s(-3). Suppose 3*r + 3*l = d, r = -2*r - 2*l + 557. What is the tens digit of r?
8
Let o(q) = -2*q - 5. Let x be o(-10). Let b(s) = 0*s - s - 3*s - 10 + x*s**2 + 7. What is the units digit of b(-2)?
5
Let t = 250 - 137. Suppose 0 = 5*a - 2*a - 4*s - t, -5*a + 223 = 2*s. Suppose -2*d + 137 - a = 0. What is the units digit of d?
7
Let s(p) = -3*p**2 + 37*p - 20. Let v be s(-10). Let y = v + 1599. What is the units digit of y?
9
Suppose -3*i = 2*o + 1127, -2*i + 1813 - 142 = -3*o. Let q = o - -851. What is the hundreds digit of q?
2
Let b(v) = v**2 - 38*v + 133. Let u be b(34). What is the hundreds digit of 63/(-42)*380/u?
1
Suppose -1337 = -5*w + 1358. Suppose 8*m - m - w = 0. Suppose 59 = 2*x - m. What is the tens digit of x?
6
Let c(n) = 2*n**3 + 8*n**2 - 2*n - 6. Let x be c(-4). Suppose -2605 = -7*r + x*r. What is the hundreds digit of r?
5
Suppose 4*c - 2282 + 474 = 0. Let i(n) = -79*n**2 - 2. Let d be i(2). Let u = c + d. What is the hundreds digit of u?
1
Let o be (-2)/((-6)/(-81)*-3). Let c be (-48)/o + (-4)/6. Let f(i) = i**3 + 10*i**2 - 6*i - 10. What is the units digit of f(c)?
0
Let z(x) = 2*x**2 + 2*x + 3. Let d be z(0). Suppose -11*r + 8*r = -d*k - 1365, -3*r - 2*k + 1355 = 0. What is the units digit of r?
3
Suppose -4*s - 12 = -0*s, 3*b + s - 3 = 0. Let x(i) = 77*i**2 + 8*i - 3. What is the hundreds digit of x(b)?
3
Let a = 295 + -494. Let t be 2 - 9/(-6)*194. Let i = t + a. What is the units digit of i?
4
Let x = 70 - -1705. Suppose 3*l - 4*b = 2705, -2*l - b - 2*b = -x. What is the hundreds digit of l?
8
Let i(k) = 76 - 26*k - 2694*k**2 - 2691*k**2 + 5384*k**2. What is the tens digit of i(-18)?
2
Suppose -239*y + 460*y - 248*y + 378540 = 0. What is the ten thousands digit of y?
1
Suppose -8 + 44 = 18*l. What is the units digit of l*(981/6 - 3)?
1
Suppose 6*g - 225 = g. Let d = 48 - g. Suppose 2*k = d*k + 3*j - 126, -354 = -3*k + 3*j. What is the hundreds digit of k?
1
Suppose j = -o + 144, j = -j + 3*o + 283. Suppose 317 = 2*z - j. What is the units digit of z?
0
Suppose 1 = -x, 37*g - 2*x = 35*g + 3082. What is the thousands digit of g?
1
Suppose 7*d = 2*u + 6*d - 18869, -37753 = -4*u - 3*d. What is the tens digit of u?
3
Suppose 208 - 10400 = -14*f. Let r = f + -347. What is the hundreds digit of r?
3
Let g = -14490 - -39560. What is the ten thousands digit of g?
2
Let d(l) = 5*l**3 - 12*l**2 - 12*l + 4. Let j be d(-8). What is the units digit of j/84*(0 + -7)?
9
Let x be -2*(-8 + 141/(-6)). Let l = x - -117. What is the hundreds digit of l?
1
Suppose -66 = -2*t - 12. Suppose -3*n + t = -0*n. Suppose -4*i + n*i - 420 = 0. What is the tens digit of i?
8
Let j(n) = 15*n**2 + 16*n + 63. Let t be 1 + -2*(2 + 1). What is the hundreds digit of j(t)?
3
Let i be (-34)/187 + 24/11. Suppose n = -i*y - 3*n + 4, 4*y + 2*n - 2 = 0. Suppose 6*c - 540 - 900 = y. What is the tens digit of c?
4
Let t be (8/28)/((-7)/(-49)). Suppose 2*q - 4*k = 526, 3*q - t*q - 261 = k. What is the units digit of q?
9
Suppose -2488 + 2558 = 14*x. Suppose -301 = -2*z - 61. Suppose 0 = x*h - 675 - z. What is the tens digit of h?
5
What is the units digit of 1 + -8 + (-13 - -20825)?
5
Suppose -o - 4*i + 1390 = 0, -13*i + 10*i = 2*o - 2785. What is the thousands digit of o?
1
Suppose 86*h - 92*h = -1164. What is the hundreds digit of h?
1
What is the tens digit of 239/(-5019) - (-212773)/21?
3
Let y(a) = a**3 + 18*a**2 + 15*a - 13. Let f be y(-17). Let d = 26 - f. What is the units digit of 3 + (d/(-15) - (-1004)/6)?
0
Suppose 497*z + 3 = 496*z. Let o(f) = -77*f - 111. What is the tens digit of o(z)?
2
Let v(m) be the first derivative of 31*m**2/2 - 11*m + 782. Let u(i) = -i**3 + 4*i**2 + 6*i - 2. Let k be u(5). What is the units digit of v(k)?
2
Let s(i) = 6*i**2 - 21*i + 78. Let b be s(-18). Suppose 3*h + b = 18*h. What is the tens digit of h?
6
Suppose 29*h = 32*h - 1965. Let c = h - 347. What is the tens digit of c?
0
Suppose 291487 = 24*i + 76615. What is the hundreds digit of i?
9
Let g(r) = 1351*r + 742. What is the tens digit of g(2)?
4
Suppose -487 = 5*p + 88. Let t be 13*-2 + 2/(12 - (-207)/(-18)). Let b = t - p. What is the units digit of b?
3
Suppose -f - 1 + 26 = 4*q, q - 3*f - 16 = 0. Let p(y) = 5*y - 34. Let a be p(q). What is the tens digit of (a*45)/(18/12 + 0)?
3
What is the tens digit of (-795)/954 - 104037/(-18)?
7
Let m = 10601 - 98. Suppose -7*r + m = -7137. Suppose -14*n - 4*n + r = 0. What is the tens digit of n?
4
What is the tens digit of (1 - 20/28) + (-159248)/(-56) + 3?
4
Su